s of 25155184.
2, 313, 5023
What are the prime factors of 508764872?
2, 7, 11, 113, 7309
List the prime factors of 5833004.
2, 271, 5381
List the prime factors of 186673739.
7, 331, 80567
List the prime factors of 17702061.
3, 13, 541, 839
List the prime factors of 717284260.
2, 5, 7, 11, 29, 16061
What are the prime factors of 7428527?
37, 200771
What are the prime factors of 46034648?
2, 11, 97, 5393
What are the prime factors of 23139908?
2, 11, 41, 101, 127
List the prime factors of 4911302627.
7, 11, 29, 31, 70949
List the prime factors of 102922081.
102922081
List the prime factors of 3232876.
2, 769, 1051
List the prime factors of 6261984851.
191, 32785261
What are the prime factors of 883703039?
883703039
List the prime factors of 3706495867.
29401, 126067
List the prime factors of 4182895326.
2, 3, 331, 2106191
List the prime factors of 24753594.
2, 3, 107, 38557
What are the prime factors of 185558646?
2, 3, 7, 13, 29, 11719
What are the prime factors of 21885654?
2, 3, 7, 74441
List the prime factors of 116534404.
2, 7, 4161943
What are the prime factors of 169188255?
3, 5, 19, 433, 457
List the prime factors of 2827344249.
3, 314149361
What are the prime factors of 60085091?
11, 599, 829
List the prime factors of 36478955.
5, 19, 29, 13241
List the prime factors of 374067632.
2, 37, 181, 3491
List the prime factors of 830671676.
2, 207667919
What are the prime factors of 2733011140?
2, 5, 479, 285283
List the prime factors of 5553657068.
2, 31, 67, 668471
What are the prime factors of 33590469?
3, 11, 89, 11437
List the prime factors of 1175386227.
3, 19, 23, 896557
What are the prime factors of 147626066?
2, 7, 29, 363611
List the prime factors of 9306732.
2, 3, 19, 40819
What are the prime factors of 33639879?
3, 7, 13, 149, 827
List the prime factors of 39521909.
7, 41, 137707
List the prime factors of 266740576.
2, 8335643
List the prime factors of 28960581.
3, 13, 742579
What are the prime factors of 148885748?
2, 11, 19, 178093
List the prime factors of 14927833.
31, 373, 1291
What are the prime factors of 1224034158?
2, 3, 204005693
What are the prime factors of 271445329?
6173, 43973
What are the prime factors of 67880023?
67880023
List the prime factors of 1483610340.
2, 3, 5, 24726839
What are the prime factors of 1855596856?
2, 231949607
What are the prime factors of 4120322?
2, 2060161
List the prime factors of 124906618.
2, 62453309
What are the prime factors of 1913780869?
7, 11, 13, 53, 36073
List the prime factors of 7046675.
5, 281867
What are the prime factors of 3440976453?
3, 2791, 136987
What are the prime factors of 2019979788?
2, 3, 73, 1213, 1901
List the prime factors of 283494419.
13, 103, 193, 1097
List the prime factors of 348020336.
2, 47, 191, 2423
List the prime factors of 193990099.
1459, 132961
What are the prime factors of 1890886?
2, 241, 3923
What are the prime factors of 672900868?
2, 17, 9895601
List the prime factors of 2048811644.
2, 11, 17, 2739053
What are the prime factors of 1860473364?
2, 3, 155039447
What are the prime factors of 5158614131?
11, 73, 6424177
List the prime factors of 178229637.
3, 1117, 17729
What are the prime factors of 1969574579?
7, 223, 1261739
List the prime factors of 210257726.
2, 7, 2145487
What are the prime factors of 1981060440?
2, 3, 5, 16508837
What are the prime factors of 639902217?
3, 31, 1489, 4621
List the prime factors of 16460530.
2, 5, 1277, 1289
What are the prime factors of 750366925?
5, 7, 11, 107, 3643
What are the prime factors of 7172386808?
2, 167, 233, 23041
List the prime factors of 678640923.
3, 67, 73, 571
What are the prime factors of 100086511?
7, 29, 229, 2153
What are the prime factors of 455042849?
89, 5112841
What are the prime factors of 4783259382?
2, 3, 11, 139, 521393
What are the prime factors of 775397872?
2, 347, 139661
What are the prime factors of 65479235?
5, 13095847
List the prime factors of 128159398.
2, 103, 622133
List the prime factors of 9887648.
2, 308989
List the prime factors of 14427478.
2, 13, 523, 1061
What are the prime factors of 115050115?
5, 337, 68279
List the prime factors of 851898660.
2, 3, 5, 14198311
What are the prime factors of 380591443?
10151, 37493
What are the prime factors of 96776932?
2, 7, 3456319
What are the prime factors of 145417404?
2, 3, 11, 31, 35537
List the prime factors of 74625551.
7, 11, 13, 74551
What are the prime factors of 6175216258?
2, 19, 162505691
What are the prime factors of 287674767?
3, 349, 30529
What are the prime factors of 1543591598?
2, 13399, 57601
What are the prime factors of 64077004?
2, 577, 27763
What are the prime factors of 49445712?
2, 3, 343373
List the prime factors of 4906069302.
2, 3, 3313, 246809
List the prime factors of 4666825150.
2, 5, 13, 479, 1153
What are the prime factors of 109076163?
3, 7, 29, 179107
List the prime factors of 1541576933.
13, 61, 229, 653
List the prime factors of 48499797.
3, 16166599
List the prime factors of 21178545.
3, 5, 1411903
List the prime factors of 3764116.
2, 599, 1571
List the prime factors of 123166597.
123166597
List the prime factors of 191784006.
2, 3, 283, 37649
List the prime factors of 255020410.
2, 5, 41, 661, 941
List the prime factors of 421007936.
2, 73, 97, 929
What are the prime factors of 522844524?
2, 3, 4841153
What are the prime factors of 3198214510?
2, 5, 31, 37, 53, 5261
What are the prime factors of 1984352833?
433, 461, 9941
What are the prime factors of 44088136?
2, 5511017
List the prime factors of 40291042.
2, 11, 1831411
List the prime factors of 218825163.
3, 24313907
List the prime factors of 2663554341.
3, 7, 269, 471509
What are the prime factors of 667116961?
7, 19, 5015917
What are the prime factors of 1479871015?
5, 7, 29, 41, 43, 827
List the prime factors of 83268759.
3, 7, 31, 37, 3457
List the prime factors of 772166498.
2, 19, 20320171
What are the prime factors of 780707711?
7, 17, 83, 79043
What are the prime factors of 205191051?
3, 13, 19, 67, 4133
List the prime factors of 7418971004.
2, 1854742751
What are the prime factors of 122943242?
2, 73, 842077
What are the prime factors of 2293801416?
2, 3, 41, 53, 181
List the prime factors of 101432813.
61, 1662833
List the prime factors of 332168916.
2, 3, 17, 1628279
List the prime factors of 38587757.
13, 101, 29389
List the prime factors of 46894802.
2, 23447401
List the prime factors of 3155913.
3, 350657
What are the prime factors of 40622150?
2, 5, 812443
List the prime factors of 39067298.
2, 67, 291547
What are the prime factors of 126069264?
2, 3, 29, 347
List the prime factors of 353228296.
2, 23, 1919719
List the prime factors of 44418039.
3, 131, 113023
List the prime factors of 78592463.
107, 199, 3691
List the prime factors of 33236256.
2, 3, 461, 751
What are the prime factors of 757093989?
3, 252364663
What are the prime factors of 689053866?
2, 3, 4513, 25447
What are the prime factors of 193893477?
3, 677, 95467
What are the prime factors of 1629084859?
1629084859
List the prime factors of 1368456583.
13, 7907, 13313
What are the prime factors of 122709899?
13, 23, 410401
List the prime factors of 1263278064.
2, 3, 131, 200903
List the prime factors of 71221263.
3, 37, 641633
List the prime factors of 389873163.
3, 2377, 54673
List the prime factors of 129679399.
107, 757, 1601
What are the prime factors of 1492563344?
2, 41, 431, 5279
List the prime factors of 5039875775.
5, 11, 18326821
List the prime factors of 87416702.
2, 43708351
List the prime factors of 37794070.
2, 5, 293, 12899
List the prime factors of 75896539.
75896539
What are the prime factors of 42810720?
2, 3, 5, 89189
List the prime factors of 2755755716.
2, 7, 59, 1668133
What are the prime factors of 40790871?
3, 11, 17, 2693
List the prime factors of 159454876.
2, 7, 29, 359, 547
What are the prime factors of 344064865?
5, 2671, 25763
What are the prime factors of 51092410?
2, 5, 5109241
What are the prime factors of 2393530032?
2, 3, 53, 940853
List the prime factors of 43878270.
2, 3, 5, 179, 8171
What are the prime factors of 274335158?
2, 137167579
List the prime factors of 140429077.
140429077
What are the prime factors of 2171593951?
23021, 94331
List the prime factors of 13362149.
19, 23, 30577
What are the prime factors o